0?
14
Calculate the highest common factor of 168 and 158088.
168
What is the greatest common factor of 4048431 and 68?
17
What is the greatest common factor of 42 and 18172?
14
What is the highest common divisor of 1592416 and 420?
28
What is the highest common divisor of 15742 and 238?
34
Calculate the highest common factor of 1122 and 57574.
22
What is the highest common factor of 8310 and 1182?
6
Calculate the greatest common factor of 259327 and 346.
173
What is the greatest common factor of 119 and 13124?
17
Calculate the highest common divisor of 242804 and 3232.
404
Calculate the greatest common divisor of 4185 and 101525.
155
What is the highest common divisor of 4608 and 34368?
192
Calculate the greatest common divisor of 1840 and 109296.
368
What is the highest common factor of 565 and 2070?
5
Calculate the highest common factor of 9 and 5367.
3
What is the greatest common factor of 570555 and 20925?
1395
Calculate the greatest common divisor of 36531 and 246.
123
Calculate the greatest common factor of 742 and 14787.
53
What is the greatest common divisor of 775 and 50530?
155
What is the highest common factor of 153432 and 1512?
72
What is the highest common factor of 2469 and 15?
3
Calculate the highest common factor of 66504 and 17952.
408
Calculate the highest common divisor of 1331 and 15488.
121
What is the greatest common factor of 58 and 41702?
58
Calculate the highest common factor of 550 and 31757.
11
Calculate the greatest common factor of 14 and 1598520.
14
What is the highest common divisor of 950 and 3002?
38
Calculate the greatest common divisor of 129375 and 299.
23
Calculate the highest common divisor of 2550 and 27795.
255
Calculate the highest common factor of 524 and 83488.
4
Calculate the greatest common factor of 2831 and 589.
19
Calculate the highest common factor of 69948 and 17748.
1044
Calculate the greatest common divisor of 43909 and 8474.
19
Calculate the greatest common divisor of 4935447 and 99.
99
What is the greatest common factor of 303261 and 105?
21
What is the greatest common factor of 358 and 61039?
179
Calculate the greatest common factor of 2400 and 27435.
15
What is the greatest common factor of 243 and 101979?
81
Calculate the greatest common factor of 64 and 28320.
32
What is the greatest common divisor of 106812 and 54?
54
What is the greatest common factor of 7755 and 27401?
517
Calculate the greatest common factor of 30 and 370.
10
What is the greatest common factor of 38792 and 858?
26
Calculate the highest common factor of 1064 and 4123.
133
Calculate the highest common divisor of 14750 and 37760.
590
What is the highest common divisor of 24124 and 2119?
163
Calculate the greatest common factor of 19153 and 39269.
107
Calculate the highest common factor of 23958 and 1239282.
2178
What is the greatest common divisor of 6 and 18246?
6
What is the highest common factor of 14570 and 22010?
310
Calculate the highest common factor of 82875 and 125.
125
Calculate the highest common factor of 16 and 20732.
4
Calculate the highest common divisor of 203479 and 67.
67
Calculate the highest common divisor of 218144 and 544.
544
Calculate the greatest common factor of 2310 and 273504.
462
What is the highest common factor of 10023 and 26?
13
What is the greatest common factor of 19513 and 2964?
247
Calculate the highest common divisor of 6 and 26006.
2
What is the greatest common divisor of 501428 and 536?
268
Calculate the greatest common factor of 1685481 and 1245.
249
What is the greatest common divisor of 8822 and 814?
22
What is the greatest common factor of 323 and 12461?
17
Calculate the highest common divisor of 1993428 and 36.
36
What is the greatest common factor of 688 and 988398?
86
What is the greatest common divisor of 192 and 164784?
48
Calculate the highest common factor of 7898 and 440.
22
Calculate the highest common divisor of 152 and 4598.
38
What is the greatest common divisor of 1056 and 211552?
352
Calculate the greatest common factor of 24 and 1578.
6
What is the highest common factor of 560 and 168?
56
Calculate the greatest common factor of 609 and 156471.
21
What is the highest common factor of 13035595 and 1315?
1315
Calculate the highest common factor of 961 and 9641.
31
Calculate the greatest common divisor of 14134 and 3552.
74
Calculate the highest common divisor of 81742 and 529.
23
Calculate the greatest common divisor of 100867 and 26.
13
Calculate the highest common divisor of 103 and 3764444.
103
What is the highest common factor of 942 and 2?
2
Calculate the highest common factor of 20910 and 816.
102
Calculate the highest common factor of 311340 and 60.
60
Calculate the greatest common factor of 95255 and 15.
5
What is the highest common factor of 918 and 54468?
306
What is the greatest common divisor of 147 and 70371?
21
Calculate the greatest common factor of 8381 and 731.
17
Calculate the greatest common factor of 5319 and 91605.
591
Calculate the highest common factor of 57828 and 6954.
366
What is the highest common divisor of 26617 and 817?
43
What is the greatest common factor of 352 and 94296?
8
Calculate the highest common divisor of 128 and 8614912.
128
Calculate the highest common factor of 260900 and 5.
5
What is the greatest common factor of 211400 and 80?
40
What is the highest common divisor of 936 and 21816?
72
What is the highest common factor of 1807212 and 264?
132
What is the greatest common factor of 4636 and 27740?
76
What is the highest common factor of 27 and 155736?
27
What is the highest common factor of 6556 and 319?
11
Calculate the greatest common factor of 141 and 3840.
3
What is the highest common divisor of 416 and 95732?
52
What is the greatest common divisor of 60750 and 1380?
30
Calculate the greatest common factor of 361476 and 108.
108
What is the highest common divisor of 22172 and 8194?
482
What is the highest common factor of 5643 and 177859?
209
Calculate the greatest common factor of 2708 and 1611937.
677
What is the greatest common factor of 141192 and 12508?
212
Calculate the greatest common divisor of 2442625 and 50.
25
What is the greatest common divisor of 746 and 122?
2
Calculate the highest common divisor of 11446 and 10.
2
What is the greatest common divisor of 17347 and 996?
83
What is the highest common divisor of 8582 and 777?
7
What is the greatest common factor of 4 and 78608?
4
What is the greatest common factor of 664 and 2536?
8
Calculate the highest common factor of 12 and 163736.
4
Calculate the greatest common divisor of 3885 and 442335.
555
Calculate the highest common divisor of 10 and 474130.
10
Calculate the highest common divisor of 329 and 2821.
7
What is the highest common factor of 7526 and 5396?
142
What is the greatest common divisor of 106 and 2352299?
53
Calculate the highest common factor of 2185 and 126293.
437
What is the highest common divisor of 53 and 112572?
53
Calculate the highest common divisor of 5 and 23295.
5
What is the greatest common divisor of 528852 and 12?
12
What is the greatest common factor of 1781 and 2603?
137
Calculate the greatest common factor of 31700 and 4320.
20
Calculate the greatest common divisor of 54332 and 1692.
188
Calculate the greatest common factor of 5837 and 273.
13
What is the highest common factor of 33 and 19283?
11
Calculate the highest common factor of 90 and 152586.
18
What is the greatest common divisor of 3304 and 112?
56
Calculate the highest common factor of 504 and 28602.
126
Calculate the highest common divisor of 1278531 and 243.
27
What is the greatest common factor of 10 and 3690?
10
Calculate the greatest common factor of 3493 and 665.
7
What is the greatest common factor of 74984 and 32396?
364
What is the greatest common divisor of 192926 and 19?
19
What is the greatest common divisor of 363 and 4674109?
121
Calculate the greatest common divisor of 16235 and 680.
85
Calculate the greatest common factor of 81021 and 791.
113
What is the greatest common factor of 31743 and 6687?
9
What is the greatest common factor of 1498673 and 55?
11
Calculate the highest common factor of 142 and 688345.
71
What is the highest common divisor of 85 and 268855?
85
What is the greatest common factor of 16331 and 112?
7
What is the highest comm